{"id":1890,"date":"2020-07-29T18:39:20","date_gmt":"2020-07-29T16:39:20","guid":{"rendered":"http:\/\/unterwegs.wersa.de\/?page_id=1890"},"modified":"2020-08-19T11:41:04","modified_gmt":"2020-08-19T09:41:04","slug":"kulmbach","status":"publish","type":"page","link":"http:\/\/unterwegs.wersa.de\/?page_id=1890","title":{"rendered":"Kulmbach"},"content":{"rendered":"\n<p class=\"has-text-align-center has-vivid-cyan-blue-color has-text-color\">Titelbild: Stellplatz unter der Plassenburg<\/p>\n\n\n\n<div class=\"wp-block-image\"><figure class=\"alignright size-large is-resized\"><img loading=\"lazy\" decoding=\"async\" src=\"http:\/\/unterwegs.wersa.de\/wp-content\/uploads\/2020\/08\/IMG_5018.jpg\" alt=\"\" class=\"wp-image-1895\" width=\"385\" height=\"276\" srcset=\"http:\/\/unterwegs.wersa.de\/wp-content\/uploads\/2020\/08\/IMG_5018.jpg 618w, http:\/\/unterwegs.wersa.de\/wp-content\/uploads\/2020\/08\/IMG_5018-300x216.jpg 300w\" sizes=\"auto, (max-width: 385px) 100vw, 385px\" \/><\/figure><\/div>\n\n\n\n<p>Der <strong><em>Stellplatz am Schwedensteg<\/em><\/strong> in Kulmbach liegt am Rande eines Gro\u00dfparkplatzes, von diesem jedoch durch Str\u00e4ucher und B\u00fcsche abgetrennt. Auf der anderen Seite flie\u00dft ein kleiner Bach entlang, der M\u00fchlbach, der etwas sp\u00e4ter in den wei\u00dfen Main m\u00fcndet. Der Untergrund ist geschottert, bei Trockenheit vielleicht etwas staubig. Das st\u00f6rt aber kaum, denn durch die Abtrennung zum Gro\u00dfparkplatz hin ist ein gem\u00fctlicher Platz entstanden. wo niemand schnell fahren kann. Auch f\u00fcr Hundebesitzer ist der Stellplatz ideal, kann man doch beidseits des M\u00fchlbachs prima auf befestigten Wegen laufen.<\/p>\n\n\n\n<div class=\"wp-block-image\"><figure class=\"alignleft size-large is-resized\"><img loading=\"lazy\" decoding=\"async\" src=\"http:\/\/unterwegs.wersa.de\/wp-content\/uploads\/2020\/08\/IMG_5027.jpg\" alt=\"\" class=\"wp-image-1891\" width=\"336\" height=\"242\" srcset=\"http:\/\/unterwegs.wersa.de\/wp-content\/uploads\/2020\/08\/IMG_5027.jpg 618w, http:\/\/unterwegs.wersa.de\/wp-content\/uploads\/2020\/08\/IMG_5027-300x215.jpg 300w\" sizes=\"auto, (max-width: 336px) 100vw, 336px\" \/><\/figure><\/div>\n\n\n\n<p>In dem Areal finden ca. 25 Wohnmobile Platz. Wenn es voll wird, kann man sich f\u00fcr eine Nacht auch noch auf den Gro\u00dfparkplatz stellen. Es gibt Stroms\u00e4ulen und auch f\u00fcr Ver- und Entsorgung ist gesorgt. Der Maximalaufenthalt ist auf zwei N\u00e4chte begrenzt, der Platz ist kostenlos, man kann aber freiwillig 3\u20ac quasi als Spende zahlen.<\/p>\n\n\n\n<h4 class=\"wp-block-heading\">Kulmbach entdecken<\/h4>\n\n\n\n<div class=\"wp-block-image\"><figure class=\"alignright size-large is-resized\"><img loading=\"lazy\" decoding=\"async\" src=\"http:\/\/unterwegs.wersa.de\/wp-content\/uploads\/2020\/08\/IMG_5023.jpg\" alt=\"\" class=\"wp-image-1901\" width=\"289\" height=\"198\" srcset=\"http:\/\/unterwegs.wersa.de\/wp-content\/uploads\/2020\/08\/IMG_5023.jpg 618w, http:\/\/unterwegs.wersa.de\/wp-content\/uploads\/2020\/08\/IMG_5023-300x206.jpg 300w\" sizes=\"auto, (max-width: 289px) 100vw, 289px\" \/><figcaption>Lustige Gesellen am M\u00fchlbach<\/figcaption><\/figure><\/div>\n\n\n\n<p>Der Weg in die Stadt ist nicht weit, und es gibt viel zu sehen. Schon auf dem Weg dorthin kommt man am ersten Biergarten vorbei, und in Kulmbach selbst ist die Auswahl an Gastronomie gro\u00df. Eisdielen, Cafes, Restaurants, Imbisstuben und viele Gesch\u00e4fte machen den Stadtbummel kurzweilig. <\/p>\n\n\n\n<p>Den Weg zur Plassenburg hinauf sollte man sich auf jeden Fall nicht entgehen lassen, wenn er auch recht steil ausf\u00e4llt. Das Rad l\u00e4sst man jedenfalls besser am Wohnmobil, im letzten Abschnitt ist der Weg f\u00fcr Fahrr\u00e4der sogar gesperrt. Ist man einmal oben, gibt es an und in der Burg vieles zu bewundern. Vier Museen haben auf der Burg eine Heimat gefunden, darunter auch das Deutsche Zinnfigurenmuseum. Und obendrein hat man noch einen atemberaubenden Blick \u00fcber Kulbach, sch\u00f6nes Wetter vorausgesetzt. <\/p>\n\n\n\n<div class=\"wp-block-image\"><figure class=\"aligncenter size-large\"><img loading=\"lazy\" decoding=\"async\" width=\"818\" height=\"510\" src=\"http:\/\/unterwegs.wersa.de\/wp-content\/uploads\/2020\/08\/IMG_5037.jpg\" alt=\"\" class=\"wp-image-1905\" srcset=\"http:\/\/unterwegs.wersa.de\/wp-content\/uploads\/2020\/08\/IMG_5037.jpg 818w, http:\/\/unterwegs.wersa.de\/wp-content\/uploads\/2020\/08\/IMG_5037-300x187.jpg 300w, http:\/\/unterwegs.wersa.de\/wp-content\/uploads\/2020\/08\/IMG_5037-768x479.jpg 768w\" sizes=\"auto, (max-width: 818px) 100vw, 818px\" \/><figcaption>Kulmbach von der Plassenburg<\/figcaption><\/figure><\/div>\n","protected":false},"excerpt":{"rendered":"<p>Titelbild: Stellplatz unter der Plassenburg Der Stellplatz am Schwedensteg in Kulmbach liegt am Rande eines Gro\u00dfparkplatzes, von diesem jedoch durch Str\u00e4ucher und B\u00fcsche abgetrennt. Auf der anderen Seite flie\u00dft ein kleiner Bach entlang, der M\u00fchlbach, der etwas sp\u00e4ter in den wei\u00dfen Main m\u00fcndet. Der Untergrund ist geschottert, bei Trockenheit vielleicht etwas staubig. Das st\u00f6rt aber&hellip;<\/p>\n","protected":false},"author":1,"featured_media":1892,"parent":0,"menu_order":0,"comment_status":"closed","ping_status":"closed","template":"","meta":{"footnotes":""},"class_list":["post-1890","page","type-page","status-publish","has-post-thumbnail","hentry"],"_links":{"self":[{"href":"http:\/\/unterwegs.wersa.de\/index.php?rest_route=\/wp\/v2\/pages\/1890","targetHints":{"allow":["GET"]}}],"collection":[{"href":"http:\/\/unterwegs.wersa.de\/index.php?rest_route=\/wp\/v2\/pages"}],"about":[{"href":"http:\/\/unterwegs.wersa.de\/index.php?rest_route=\/wp\/v2\/types\/page"}],"author":[{"embeddable":true,"href":"http:\/\/unterwegs.wersa.de\/index.php?rest_route=\/wp\/v2\/users\/1"}],"replies":[{"embeddable":true,"href":"http:\/\/unterwegs.wersa.de\/index.php?rest_route=%2Fwp%2Fv2%2Fcomments&post=1890"}],"version-history":[{"count":9,"href":"http:\/\/unterwegs.wersa.de\/index.php?rest_route=\/wp\/v2\/pages\/1890\/revisions"}],"predecessor-version":[{"id":1907,"href":"http:\/\/unterwegs.wersa.de\/index.php?rest_route=\/wp\/v2\/pages\/1890\/revisions\/1907"}],"wp:featuredmedia":[{"embeddable":true,"href":"http:\/\/unterwegs.wersa.de\/index.php?rest_route=\/wp\/v2\/media\/1892"}],"wp:attachment":[{"href":"http:\/\/unterwegs.wersa.de\/index.php?rest_route=%2Fwp%2Fv2%2Fmedia&parent=1890"}],"curies":[{"name":"wp","href":"https:\/\/api.w.org\/{rel}","templated":true}]}}