{"id":2519,"date":"2021-09-20T14:30:49","date_gmt":"2021-09-20T12:30:49","guid":{"rendered":"http:\/\/unterwegs.wersa.de\/?page_id=2519"},"modified":"2023-11-08T18:23:46","modified_gmt":"2023-11-08T17:23:46","slug":"schiltach","status":"publish","type":"page","link":"http:\/\/unterwegs.wersa.de\/?page_id=2519","title":{"rendered":"Schiltach"},"content":{"rendered":"\n<h3 class=\"wp-block-heading\">Stellplatz Lehwiese<\/h3>\n\n\n\n<p>Schiltach ist ein sehenswertes kleines \u00d6rtchen an der Kinzig im Schwarzwald. Hier m\u00fcndet das kleine Fl\u00fcsschen Shiltach in die Kinzig, und auch der Stellplatz liegt idyllisch direkt an dem kleinen Fl\u00fcsschen, in den Ort gelangt man in wenigen Gehminuten.<\/p>\n\n\n\n<p><strong>Adresse<\/strong><br>An der H\u00e4berlesbr\u00fccke, 77761 Schiltach<\/p>\n\n\n\n<p><strong>Stellfl\u00e4chen<\/strong><br>Offiziell gibt es 6 nicht parzellierte Pl\u00e4tze am Rande einer Parkfl\u00e4che, die auch von PKW genutzten werden kann. Bei unserem Aufenthalt wares es 12 Mobile, da man auch problemlos in einer vorderen Reihe stehen kann. Geeignet ist der Platz auch f\u00fcr Mobile \u00fcber 8 Meter, allerdings sollte man bei der Zufahrt etwas vorsichtig sein.<\/p>\n\n\n\n<p>Die nicht ganz einfache Anfahrt liegt direkt hinter der Br\u00fccke. Vorsicht ist geboten wegen spitzem Winkel und sehr hohen Bordsteinkanten. Mobile \u00fcbe 6 Meter und Mobile mit drei Achsen sollten zun\u00e4chst an der Einfahrt vorbeifahren, wenden und dann in besserem Winkel einfahren. F\u00fcr die Ausfahrt gilt das dann ebenfalls. Die Zufahrt bleibt zwar etwas eng, stellt so aber kein Problem mehr dar. <\/p>\n\n\n\n<p><strong>Ver- &amp; Entsorgung<\/strong><br>Es gibt keine Ver- oder Entsorgung, auch keinen Stromanschluss. Auch wenn in verschiedenen Stellplatzf\u00fchrern von Strom, den man vor Ort von einem Unternehmen beziehen kann, die Rede ist, dieser Dienst wurde eingestellt.<\/p>\n\n\n\n<p><strong>Stellplatzgeb\u00fchr<\/strong><br>Kostenloser Stellplatz; max. Aufenthaltsdauer 24 Std.<\/p>\n\n\n\n<p><strong>Infrastruktur<\/strong><br>In der historischen Altstadt findet man das gr\u00f6\u00dfte deutsche private Apotheren-Museum, direkt an einem der steilsten Marktpl\u00e4tze unseres Landes, wenn nicht gar dem steilsten \u00fcberhaupt. Sehenswert sind die denkmalgesch\u00fctzten historischen Fachwerkh\u00e4user und nat\u00fcrlich das Rathaus.<\/p>\n\n\n\n<p>Es gibt verschiedene Einkehrm\u00f6glichkeiten, einen B\u00e4cker in der N\u00e4he, und einen Supermarkt etwas weiter am Ortsrand. Direkt an der Stellplatzzufahrt gibt es ein Modehaus mit eigener Gerberei. Hier werden u.a. auch Ledermoden, Fellartikel oder Trachtenbekleidung angeboten.<\/p>\n\n\n\n<figure class=\"wp-block-gallery columns-3 is-cropped wp-block-gallery-1 is-layout-flex wp-block-gallery-is-layout-flex\"><ul class=\"blocks-gallery-grid\"><li class=\"blocks-gallery-item\"><figure><img loading=\"lazy\" decoding=\"async\" width=\"610\" height=\"460\" src=\"http:\/\/unterwegs.wersa.de\/wp-content\/uploads\/2021\/09\/IMG_7331.jpg\" alt=\"\" data-id=\"2531\" data-full-url=\"http:\/\/unterwegs.wersa.de\/wp-content\/uploads\/2021\/09\/IMG_7331.jpg\" data-link=\"http:\/\/unterwegs.wersa.de\/?attachment_id=2531\" class=\"wp-image-2531\" srcset=\"http:\/\/unterwegs.wersa.de\/wp-content\/uploads\/2021\/09\/IMG_7331.jpg 610w, http:\/\/unterwegs.wersa.de\/wp-content\/uploads\/2021\/09\/IMG_7331-300x226.jpg 300w, http:\/\/unterwegs.wersa.de\/wp-content\/uploads\/2021\/09\/IMG_7331-120x90.jpg 120w\" sizes=\"auto, (max-width: 610px) 100vw, 610px\" \/><figcaption class=\"blocks-gallery-item__caption\">Blick auf den Ort vom <em>Augenblick<\/em><\/figcaption><\/figure><\/li><li class=\"blocks-gallery-item\"><figure><img loading=\"lazy\" decoding=\"async\" width=\"610\" height=\"460\" src=\"http:\/\/unterwegs.wersa.de\/wp-content\/uploads\/2021\/09\/IMG_7347.jpg\" alt=\"\" data-id=\"2529\" data-link=\"http:\/\/unterwegs.wersa.de\/?attachment_id=2529\" class=\"wp-image-2529\" srcset=\"http:\/\/unterwegs.wersa.de\/wp-content\/uploads\/2021\/09\/IMG_7347.jpg 610w, http:\/\/unterwegs.wersa.de\/wp-content\/uploads\/2021\/09\/IMG_7347-300x226.jpg 300w, http:\/\/unterwegs.wersa.de\/wp-content\/uploads\/2021\/09\/IMG_7347-120x90.jpg 120w\" sizes=\"auto, (max-width: 610px) 100vw, 610px\" \/><figcaption class=\"blocks-gallery-item__caption\">Marktplatz, links das Apotheken-Museum<\/figcaption><\/figure><\/li><li class=\"blocks-gallery-item\"><figure><img loading=\"lazy\" decoding=\"async\" width=\"610\" height=\"460\" src=\"http:\/\/unterwegs.wersa.de\/wp-content\/uploads\/2021\/09\/IMG_0778.jpg\" alt=\"\" data-id=\"2528\" data-full-url=\"http:\/\/unterwegs.wersa.de\/wp-content\/uploads\/2021\/09\/IMG_0778.jpg\" data-link=\"http:\/\/unterwegs.wersa.de\/?attachment_id=2528\" class=\"wp-image-2528\" srcset=\"http:\/\/unterwegs.wersa.de\/wp-content\/uploads\/2021\/09\/IMG_0778.jpg 610w, http:\/\/unterwegs.wersa.de\/wp-content\/uploads\/2021\/09\/IMG_0778-300x226.jpg 300w, http:\/\/unterwegs.wersa.de\/wp-content\/uploads\/2021\/09\/IMG_0778-120x90.jpg 120w\" sizes=\"auto, (max-width: 610px) 100vw, 610px\" \/><figcaption class=\"blocks-gallery-item__caption\">Der Stellplatz an der Kinzig<\/figcaption><\/figure><\/li><\/ul><\/figure>\n\n\n\n<p><strong>Sonstiges<\/strong><br>Von der Altstadt aus gelangt man auf einem zwar steilen, daf\u00fcr aber kurzen Weg von ca. 20-30 Minuten zu einem Aussichtspunkt, dem <strong><em>Augenblick<\/em><\/strong>. Von hier aus hat man einen tollen Blick auf den Ort und das Kinzigtal hat, und von einer gem\u00fctlichen Liegebank aus l\u00e4sst sich das auch herrlich genie\u00dfen.<\/p>\n\n\n\n<p>Der Stellplatz ligt direkt neben einem Bahndamm. Obwohl wir den ersten Platz daneben hatten, hat uns das nicht weiter gest\u00f6rt. Es f\u00e4hrt dort nur eine lokale Bahn, nachts fahren die gar nicht und der Bahnhof liegt nicht mehr weit weg, weshalb die Bahnen nur noch sehr langsam vorbeikommen.<br><\/p>\n\n\n\n<p><br><br><\/p>\n","protected":false},"excerpt":{"rendered":"<p>Stellplatz Lehwiese Schiltach ist ein sehenswertes kleines \u00d6rtchen an der Kinzig im Schwarzwald. Hier m\u00fcndet das kleine Fl\u00fcsschen Shiltach in die Kinzig, und auch der Stellplatz liegt idyllisch direkt an dem kleinen Fl\u00fcsschen, in den Ort gelangt man in wenigen Gehminuten. AdresseAn der H\u00e4berlesbr\u00fccke, 77761 Schiltach Stellfl\u00e4chenOffiziell gibt es 6 nicht parzellierte Pl\u00e4tze am Rande&hellip;<\/p>\n","protected":false},"author":2,"featured_media":2527,"parent":1256,"menu_order":0,"comment_status":"closed","ping_status":"closed","template":"","meta":{"footnotes":""},"class_list":["post-2519","page","type-page","status-publish","has-post-thumbnail","hentry"],"_links":{"self":[{"href":"http:\/\/unterwegs.wersa.de\/index.php?rest_route=\/wp\/v2\/pages\/2519","targetHints":{"allow":["GET"]}}],"collection":[{"href":"http:\/\/unterwegs.wersa.de\/index.php?rest_route=\/wp\/v2\/pages"}],"about":[{"href":"http:\/\/unterwegs.wersa.de\/index.php?rest_route=\/wp\/v2\/types\/page"}],"author":[{"embeddable":true,"href":"http:\/\/unterwegs.wersa.de\/index.php?rest_route=\/wp\/v2\/users\/2"}],"replies":[{"embeddable":true,"href":"http:\/\/unterwegs.wersa.de\/index.php?rest_route=%2Fwp%2Fv2%2Fcomments&post=2519"}],"version-history":[{"count":9,"href":"http:\/\/unterwegs.wersa.de\/index.php?rest_route=\/wp\/v2\/pages\/2519\/revisions"}],"predecessor-version":[{"id":2571,"href":"http:\/\/unterwegs.wersa.de\/index.php?rest_route=\/wp\/v2\/pages\/2519\/revisions\/2571"}],"up":[{"embeddable":true,"href":"http:\/\/unterwegs.wersa.de\/index.php?rest_route=\/wp\/v2\/pages\/1256"}],"wp:featuredmedia":[{"embeddable":true,"href":"http:\/\/unterwegs.wersa.de\/index.php?rest_route=\/wp\/v2\/media\/2527"}],"wp:attachment":[{"href":"http:\/\/unterwegs.wersa.de\/index.php?rest_route=%2Fwp%2Fv2%2Fmedia&parent=2519"}],"curies":[{"name":"wp","href":"https:\/\/api.w.org\/{rel}","templated":true}]}}